-135. What is the tens digit of r?
8
Suppose -4*u + 5*u = 0. Let t(w) = 2*w**2 + 0*w + u*w + 5*w - 2*w - 2. What is the units digit of t(3)?
5
Let i = -32 + 32. Suppose i*w - 4*w = -280. What is the units digit of w?
0
Let w(p) = -p + 15. Let d be w(12). Suppose -2*l = 3*g - 6, 4*l - d*g + 0*g + 6 = 0. Let n = 1 + l. What is the units digit of n?
1
Suppose 4*q = 3*a + 20, -3*q + 4*a + 14 = -1. Suppose -2*x = -q*o + 671, -o - 8 = 2*x - 135. What is the tens digit of o?
3
Let p(x) = 17*x**2 - x. Let w = 10 - 16. Let k be (2/6)/(2/w). What is the units digit of p(k)?
8
Suppose 5*w + 36 = b, 0 = -2*b - b - 5*w + 148. Suppose g = 15 + b. What is the tens digit of g?
6
What is the tens digit of 5 + 1530 + (-30)/6?
3
Let a(n) = -n**3 - 3*n**2 + 17*n - 9. What is the tens digit of a(-13)?
6
Suppose 2*i = -1 - 7. Let f be ((-57)/(-2))/((-3)/i). What is the units digit of ((-4)/8)/((-1)/f)?
9
Suppose -5723 = -4*j + 401. What is the tens digit of j?
3
Let p = -742 + 1595. What is the tens digit of p?
5
Let k(w) be the first derivative of -w**3/3 - 15*w**2/2 + 13*w - 9. What is the units digit of k(-15)?
3
Suppose 9*r = 2*r + 21. Suppose -h + 2*b + 53 = -0*h, -212 = -4*h + r*b. What is the units digit of h?
3
What is the units digit of 2/(-27) - (-1177770)/405?
8
Let k(p) = -3*p**3 - 37*p**2 - 15*p + 16. What is the tens digit of k(-12)?
5
Let m be ((-7)/3 - -2)/(3/(-3015)). Suppose -5*x = -0*x - m. What is the tens digit of x?
6
Let g(d) be the third derivative of 25*d**4/12 + d**3 + 27*d**2. What is the tens digit of g(1)?
5
Let j be (6 - -3)*(-2)/(-9). Suppose 0 = g + 3*t - 52, -j*t = -7*t + 5. What is the units digit of g?
9
Let f be (-474)/(-12) + (-2)/(-4). Let m = 13 + f. What is the units digit of m?
3
Suppose -3*i + 68 = -2*t, 5*i - 61 = 2*t + 15. Let r = -54 - t. Let y = r - -38. What is the tens digit of y?
1
Let l(g) = g + 243. What is the units digit of l(-16)?
7
Let a be 6 + -7 + 1 + 1. What is the hundreds digit of (7/(-14))/(a/(-282))?
1
Let y be (-4)/(16/(-202)) - 6/4. Let v = 59 - y. What is the tens digit of v?
1
Suppose 3*o + 705 = 8*o + 5*n, 3*o - 4*n = 402. What is the hundreds digit of o?
1
Let n(x) = -2*x**3 - x**2 - 25*x + 4. What is the units digit of n(-9)?
6
Suppose 5*s + 1142 = c, 3*s - 8 = -11. What is the units digit of c?
7
Suppose 0 = v + 3*s, 7 = 3*v - 3*s - 5. Suppose -9*d + 42 = -v. What is the units digit of d?
5
Let v = 26 + 2. Suppose 0 = 3*f + g + 100, 4*f + 2*g + v = -108. Let n = f + 51. What is the units digit of n?
9
Let y(w) = w**2 + 4*w - 21. Let v be 9/(0 - (3 - 2)). What is the tens digit of y(v)?
2
Let b(a) be the third derivative of -a**6/120 - a**5/30 + a**4/12 - 5*a**3/6 - a**2. What is the units digit of b(-5)?
0
Let j = 1063 + -643. What is the units digit of j?
0
Let r(z) = 3*z**2 + 27*z - 46. What is the tens digit of r(-17)?
6
Suppose 94 = c - 69. Suppose -3*u = -218 - c. Suppose 6*f - 77 = u. What is the units digit of f?
4
Suppose 3*j - 3*p - 54 = -0*j, -2*p = 2*j - 48. Let v be 119/(-2)*(-36)/j. What is the tens digit of ((-18)/(-12))/(3/v)?
5
Let d = 705 - 324. What is the tens digit of d?
8
Let q(j) be the second derivative of 17*j**3/2 - 3*j**2/2 - 26*j. What is the units digit of q(2)?
9
Let o(s) = -s**2 + 35. Let k be o(0). Let z = k + -21. Suppose 59 = 5*r + z. What is the units digit of r?
9
Suppose 0 = 5*a + 160 - 1055. Let l = 10 + a. What is the units digit of l?
9
Let l(b) = 4*b**2 + 2*b - 2. Let w(i) = -7*i**2 - 5*i + 3. Let s(y) = -5*l(y) - 3*w(y). Let a be s(-4). What is the tens digit of 38/((a - -3) + 2)?
1
Let z(h) = -1008*h**3 + 4*h**2 + 8*h + 5. What is the hundreds digit of z(-1)?
0
Let m(q) = 27*q**2 - 10*q - 7. Suppose 0 = o + 3*o - 12. What is the hundreds digit of m(o)?
2
Let y = 2 + 29. Suppose x - 1 = y. Suppose 5*u = -x + 97. What is the tens digit of u?
1
Suppose -3*n - j = -17, -j = -0 - 5. Let s be 2 - (8/n - 0). Let a(z) = z**3 - z + 18. What is the tens digit of a(s)?
1
Let y(s) = 0 + 8 - 6 + 20*s + 0. What is the tens digit of y(4)?
8
Suppose -272*o + 282*o - 14850 = 0. What is the tens digit of o?
8
Let o = -31 + 17. Let h = o - -22. Let t = h - -22. What is the tens digit of t?
3
Let x(m) = -342*m + 35. What is the tens digit of x(-2)?
1
Suppose -2*p + 1 = -2*w - 1, w + 1 = -5*p. Let h(t) = 36*t + 2. Let m(k) = 18*k + 1. Let i(z) = 2*h(z) - 5*m(z). What is the tens digit of i(w)?
1
Let d(k) = 16*k**3 - 3*k**2 - 5*k + 6. What is the units digit of d(3)?
6
Let b(q) = 332*q - 24. What is the thousands digit of b(6)?
1
Let a(v) = 71*v**3 - 2*v**2 - 3*v + 12. What is the units digit of a(2)?
6
Let h = 140 - -589. Let c = h + -510. What is the hundreds digit of c?
2
Let g be (-13 - -137)/((-2)/7). What is the units digit of (8/(-20))/1 - g/10?
3
Suppose 3*z = 28 + 2. Suppose -5 = -3*w + z. Suppose 5*b - 95 = -2*t, t + 4*b = 47 + w. What is the tens digit of t?
4
Let t = 16 + -18. Let d(y) = y**2 - 4*y - 2. Let u be d(4). What is the units digit of (-3)/(u/(-12)*t)?
9
Let q = 422 + 161. What is the tens digit of q?
8
What is the hundreds digit of 1644 - (-1 + 2 + 3) - -5?
6
Let i = 29 + -27. What is the tens digit of (-76)/i*3/(-6)?
1
Suppose 4 = -3*j - 8. Let w = -82 - -54. What is the units digit of j/(8/2) - w?
7
Let v(b) = -2*b + 10. Let a be v(-9). Let q = a + -85. Let k = q - -81. What is the units digit of k?
4
Suppose 4*j = 3*z - 2125, 2123 = 5*z - 2*z - 5*j. What is the hundreds digit of z?
7
Let r(t) = -t + 2. Let v be r(0). Suppose -v*p - j = -7*p + 203, -4*p - 3*j + 151 = 0. What is the tens digit of p?
4
What is the hundreds digit of (1/(3/(-21)))/(21/(-2121))?
7
Let g(x) = x**3 - 4*x**2. Let t be g(4). Suppose 2*r = -t*r. Suppose r = -6*s + s + 255. What is the tens digit of s?
5
Let x(f) = -12*f + 15. Let s(d) = -6*d + 8. Let h(p) = -10*s(p) + 6*x(p). What is the units digit of h(-8)?
6
Let m be 2 + 1 - (9 - 9). Suppose 5*c + 20 = 0, 0*d - m*d + 2*c + 14 = 0. What is the units digit of d?
2
Suppose 2*g - 4*a = 46, -18 = g - 2*g + a. Let d = g - 10. Suppose 2*n = 4*q - 110, -q + 125 = d*q - 5*n. What is the units digit of q?
5
Suppose -4*m = -36 - 40. Let z(x) = x**3 + 12*x**2 + 7*x - 17. Let l be z(-11). Let c = l - m. What is the units digit of c?
8
Suppose 0*x - 4*k = 4*x, 4*k + 30 = 2*x. Let u(o) = 2*o + 0*o + 5*o - 3*o - 7. What is the tens digit of u(x)?
1
Let u = 6 - 0. Let k(m) = m**2 + 5*m - 78. Let a be k(-20). Suppose -u*n + a = -3*n. What is the units digit of n?
4
Let m(h) = -12*h**3 + 14*h**2 + 49*h - 17. What is the thousands digit of m(-7)?
4
Let g(c) = -2*c - 4. Let o be g(-3). What is the tens digit of (3/o)/(((-27)/176)/(-9))?
8
Suppose 5*v + 245 = 5*i, -16*v - 6 = -19*v. What is the tens digit of i?
5
Suppose 7 + 2 = 3*v. Suppose 5*w - 12 = v. Suppose -3*i = w*n - 144, -62 - 6 = -n + 4*i. What is the units digit of n?
2
Let p(f) = 10*f**2 - 2*f - 3. Let v be p(-2). Suppose 0 = b - 2 - v. What is the tens digit of b?
4
Let p be 3 - (9 - 0)/3. Suppose p = 2*n + 2*n - 16. What is the units digit of n?
4
Let l(q) = q**3 + 2*q**2 + 2. Let o be l(-2). Let x be 38 - (2 - o - 2). Suppose 0 = -5*m - 4*g + x, 3*g - 8 = -m + 8*g. What is the units digit of m?
8
Suppose -3*z = -5 - 4. Let o be z/(-2)*(-1 - 1). Suppose o*m - 6 = -3. What is the units digit of m?
1
Let v be -3*2 - -2 - -4. Suppose 0*l = 3*l + 3*r + 15, v = 3*l - 2*r - 10. Suppose l = -p + 3. What is the units digit of p?
3
Suppose -94 = -j + 159. Suppose 5*u + a - j + 1 = 0, 0 = 4*u - 5*a - 219. Let y = u + 3. What is the tens digit of y?
5
Let k(j) be the second derivative of j**4/2 - 6*j**2 + 8*j. Let g(c) = 7*c**2 - 13. Let b(d) = -5*g(d) + 6*k(d). What is the tens digit of b(-8)?
5
Let h(j) = j**3 + 22*j**2 + 20*j - 7. Let t be h(-21). Let z = t + -12. What is the units digit of z?
2
Suppose -o - 4*o = -2*p - 34, 0 = -2*p - o - 10. Let m be -28 - (-5)/(4 - -1). Let c = p - m. What is the tens digit of c?
2
Suppose 2*q + 2*y = 6, -4*q + 0*y = y - 12. Let k(c) = c**2 - 17*c - 109. Let t be k(-5). Suppose p - 4*n = -2 + t, q*p = 5*n + 32. What is the tens digit of p?
1
Let c = -84 - -84. Suppose c = 7*w - 191 - 173. What is the tens digit of w?
5
Let h(i) = -i**2 + 5*i - 6. Let g be h(5). Suppose 137*f - 135*f - 3492 = 0. What is the tens digit of g/(-14) + f/42?
4
Let c = 27 